{"id":9530,"date":"2012-08-08T22:48:23","date_gmt":"2012-08-09T03:48:23","guid":{"rendered":"http:\/\/www.lashistorias.com.mx\/?page_id=9530"},"modified":"2018-02-01T22:10:07","modified_gmt":"2018-02-02T04:10:07","slug":"mesa-con-mar","status":"publish","type":"page","link":"https:\/\/www.lashistorias.com.mx\/index.php\/textos\/mesa-con-mar\/","title":{"rendered":"Mesa con mar"},"content":{"rendered":"<h5><em>Este cuento apareci\u00f3 publicado <\/em><em>en 2009 en el libro\u00a0<\/em>La ciudad imaginada y otras historias<em>, publicado por Libros Magenta y la Secretar\u00eda de Cultura de la Ciudad de M\u00e9xico.<\/em><\/h5>\n<p><a ref=\"magnificPopup\" href=\"https:\/\/www.lashistorias.com.mx\/wp-content\/uploads\/2012\/08\/LACIUDADIMAGINADA.jpg\"><img loading=\"lazy\" decoding=\"async\" data-attachment-id=\"9536\" data-permalink=\"https:\/\/www.lashistorias.com.mx\/index.php\/textos\/mesa-con-mar\/laciudadimaginada-2\/\" data-orig-file=\"https:\/\/www.lashistorias.com.mx\/wp-content\/uploads\/2012\/08\/LACIUDADIMAGINADA.jpg\" data-orig-size=\"964,1479\" data-comments-opened=\"1\" data-image-meta=\"{&quot;aperture&quot;:&quot;0&quot;,&quot;credit&quot;:&quot;&quot;,&quot;camera&quot;:&quot;&quot;,&quot;caption&quot;:&quot;&quot;,&quot;created_timestamp&quot;:&quot;0&quot;,&quot;copyright&quot;:&quot;&quot;,&quot;focal_length&quot;:&quot;0&quot;,&quot;iso&quot;:&quot;0&quot;,&quot;shutter_speed&quot;:&quot;0&quot;,&quot;title&quot;:&quot;&quot;}\" data-image-title=\"La ciudad imaginada\" data-image-description=\"\" data-image-caption=\"&lt;p&gt;(clic para ampliar)&lt;\/p&gt;\n\" data-medium-file=\"https:\/\/www.lashistorias.com.mx\/wp-content\/uploads\/2012\/08\/LACIUDADIMAGINADA-195x300.jpg\" data-large-file=\"https:\/\/www.lashistorias.com.mx\/wp-content\/uploads\/2012\/08\/LACIUDADIMAGINADA-667x1024.jpg\" class=\"alignleft size-medium wp-image-9536\" title=\"La ciudad imaginada\" src=\"https:\/\/www.lashistorias.com.mx\/wp-content\/uploads\/2012\/08\/LACIUDADIMAGINADA-195x300.jpg\" alt=\"\" width=\"195\" height=\"300\" srcset=\"https:\/\/www.lashistorias.com.mx\/wp-content\/uploads\/2012\/08\/LACIUDADIMAGINADA-195x300.jpg 195w, https:\/\/www.lashistorias.com.mx\/wp-content\/uploads\/2012\/08\/LACIUDADIMAGINADA-667x1024.jpg 667w, https:\/\/www.lashistorias.com.mx\/wp-content\/uploads\/2012\/08\/LACIUDADIMAGINADA.jpg 964w\" sizes=\"auto, (max-width: 195px) 100vw, 195px\" \/><\/a> El d\u00eda que su pap\u00e1 llev\u00f3 la mesa, Raquel se qued\u00f3 muy sorprendida:<br \/>\n&nbsp;&nbsp;&nbsp;&nbsp;&nbsp;&nbsp;\u2014\u00bfDe d\u00f3nde la sacaste? \u2014pregunt\u00f3.<br \/>\n&nbsp;&nbsp;&nbsp;&nbsp;&nbsp;&nbsp;\u2014\u00bfQu\u00e9 cosa?<br \/>\n&nbsp;&nbsp;&nbsp;&nbsp;&nbsp;&nbsp;\u2014La mesa, pap\u00e1, de d\u00f3nde la sacaste.<br \/>\n&nbsp;&nbsp;&nbsp;&nbsp;&nbsp;&nbsp;\u2014\u00bfC\u00f3mo que de d\u00f3nde, Quica? Pues de la muebler\u00eda \u2014a Raquel le dec\u00edan \u201cQuica\u201d.<br \/>\n&nbsp;&nbsp;&nbsp;&nbsp;&nbsp;&nbsp;\u2014No, en serio, pap\u00e1, \u00bfde d\u00f3nde? \u2014insisti\u00f3 Raquel, y a su pap\u00e1 se le hizo muy extra\u00f1o, pero Raquel (pensaba) era una ni\u00f1a a la que no deb\u00eda tomarse muy en serio. \u00c9l simplemente sonri\u00f3 y se fue de all\u00ed, y como la mam\u00e1 de Raquel estaba de visita con la vecina, tampoco se enter\u00f3 de nada.<br \/>\n&nbsp;&nbsp;&nbsp;&nbsp;&nbsp;&nbsp;Es decir, Raquel se qued\u00f3 sola en el comedor, ante la mesa, que tambi\u00e9n ven\u00eda con seis sillas nuevas pero esas no ten\u00edan nada de especial.<br \/>\n&nbsp;&nbsp;&nbsp;&nbsp;&nbsp;&nbsp;\u2014Lo que era especial \u2014nos dir\u00eda Raquel ahora\u2014 es que hab\u00eda un mar en la mesa.<br \/>\n&nbsp;&nbsp;&nbsp;&nbsp;&nbsp;&nbsp;Y nos estar\u00eda diciendo la verdad: la parte de arriba de la mesa, donde su mam\u00e1 pondr\u00eda los platos de la comida y ella su cuaderno para hacer la tarea, no estaba hecha de madera o de vidrio, sino de agua.<br \/>\n&nbsp;&nbsp;&nbsp;&nbsp;&nbsp;&nbsp;Ella se acerc\u00f3 y puso un dedo en su superficie, llena de olas peque\u00f1itas y azules\u2026<br \/>\n&nbsp;&nbsp;&nbsp;&nbsp;&nbsp;&nbsp;\u2014\u00a1Se sent\u00eda mojada! \u2014nos dir\u00eda.<br \/>\n&nbsp;&nbsp;&nbsp;&nbsp;&nbsp;&nbsp;Acerc\u00e1ndose un poco m\u00e1s, pudo escuchar el sonido.<br \/>\n&nbsp;&nbsp;&nbsp;&nbsp;&nbsp;&nbsp;\u2014Es decir, el de las olas, el del viento, y tambi\u00e9n hab\u00eda gaviotitas, chiquitititas, que volaban y hac\u00edan as\u00ed como las gaviotas de verdad\u2026<br \/>\n&nbsp;&nbsp;&nbsp;&nbsp;&nbsp;&nbsp;Pero lo mejor era el barquito. Ten\u00eda una vela blanca y avanzaba despacio sobre el agua. Raquel se qued\u00f3 un largo rato mir\u00e1ndolo. Iba quiz\u00e1s a diez cent\u00edmetros por hora. Cuando lleg\u00f3 al centro de la mesa, el marinero que lo guiaba ech\u00f3 un ancla al agua y el barco se detuvo.<br \/>\n&nbsp;&nbsp;&nbsp;&nbsp;&nbsp;&nbsp;\u2014\u00a1Oye! \u2014lo escuch\u00f3 gritar. Llevaba un hermoso uniforme pero su voz, como todo lo dem\u00e1s, era tan diminuta que casi no exist\u00eda\u2014 \u00a1Oye! \u00bfT\u00fa eres la ni\u00f1a que se llama Quica?<br \/>\n&nbsp;&nbsp;&nbsp;&nbsp;&nbsp;&nbsp;\u2014No me llamo Quica, me llamo Raquel \u2014dijo Raquel.<br \/>\n&nbsp;&nbsp;&nbsp;&nbsp;&nbsp;&nbsp;\u2014\u00a1Ah, no importa, no importa! \u2014grit\u00f3 el marinero\u2014 \u00a1Oye! \u00bfPuedes ayudarme? \u00a1Se lo pedir\u00eda a alguien m\u00e1s, pero es que s\u00f3lo los ni\u00f1os pueden verme!<br \/>\n&nbsp;&nbsp;&nbsp;&nbsp;&nbsp;&nbsp;\u2014\u00bfQu\u00e9?<br \/>\n&nbsp;&nbsp;&nbsp;&nbsp;&nbsp;&nbsp;\u2014\u00a1Es cierto! \u00a1De hecho los adultos no ven ni el mar ni nada! \u00a1Tu pap\u00e1, por ejemplo, cree que la mesa es de pura madera!<br \/>\n&nbsp;&nbsp;&nbsp;&nbsp;&nbsp;&nbsp;Ahora, Raquel podr\u00eda decirnos: \u2014Esa era la explicaci\u00f3n de lo de mi pap\u00e1, pero yo la verdad no entiendo. \u00bfPor qu\u00e9 todas las cosas m\u00e1gicas son as\u00ed? \u00bfDe veras <em>toda<\/em> la gente mayor es tonta? \u00bfO mala? \u00bfO el chiste es aprovecharse de los ni\u00f1os?<br \/>\n&nbsp;&nbsp;&nbsp;&nbsp;&nbsp;&nbsp;Pero en el momento no se le ocurri\u00f3 y s\u00f3lo dijo: \u2014\u00bfQu\u00e9 quieres?<br \/>\n&nbsp;&nbsp;&nbsp;&nbsp;&nbsp;&nbsp;\u2014\u00bfPodr\u00edas \u2014grit\u00f3 el marinero\u2014 darme un poco de impulso? \u00a1Voy como a diez cent\u00edmetros por hora, no voy a llegar nunca!<br \/>\n&nbsp;&nbsp;&nbsp;&nbsp;&nbsp;&nbsp;Dicho y hecho: Raquel era una ni\u00f1a generosa, y en cuanto el marinero recogi\u00f3 su ancla, ella se acerc\u00f3 a\u00fan m\u00e1s a la mesa y sopl\u00f3, suavemente, en la direcci\u00f3n apropiada para hinchar las velas del barco y verlo avanzar otra vez, m\u00e1s deprisa, cada vez m\u00e1s deprisa\u2026<br \/>\n&nbsp;&nbsp;&nbsp;&nbsp;&nbsp;&nbsp;\u2014\u00a1Muy bien! \u2014grit\u00f3 el marinero, quien se hab\u00eda puesto tras el tim\u00f3n del barco, muy contento\u2014 \u00a1Gracias\u2026! \u00bfC\u00f3mo me dijiste que te llamas?<br \/>\n&nbsp;&nbsp;&nbsp;&nbsp;&nbsp;&nbsp;\u2014\u00a1Oye! \u2014empez\u00f3 ella, pero se dio cuenta de que estaba gritando y baj\u00f3 la voz\u2014 Oye\u2026<br \/>\n&nbsp;&nbsp;&nbsp;&nbsp;&nbsp;&nbsp;\u2014\u00a1Dime! \u00a1Pero no dejes de soplar por mucho tiempo porque me detengo!<br \/>\n&nbsp;&nbsp;&nbsp;&nbsp;&nbsp;&nbsp;\u2014No, no \u2014y <em>puf<\/em>, un soplido\u2014\u2026, pero, oye, \u00bfa d\u00f3nde vas?<br \/>\n&nbsp;&nbsp;&nbsp;&nbsp;&nbsp;&nbsp;\u2014\u00a1No te puedo decir! \u00a1Es secreto! \u00a1De hecho la mesa no deber\u00eda estar aqu\u00ed! \u00a1De seguro la vendieron por error!<br \/>\n&nbsp;&nbsp;&nbsp;&nbsp;&nbsp;&nbsp;\u2014\u00bfQu\u00e9? (<em>puf<\/em>) \u00bfC\u00f3mo que por (<em>puf<\/em>) error?<br \/>\n&nbsp;&nbsp;&nbsp;&nbsp;&nbsp;&nbsp;\u2014\u00a1S\u00ed! \u00a1Tal vez hasta vengan por ella! \u00a1Cosas como \u00e9sta no le corresponden a personas como ustedes!<br \/>\n&nbsp;&nbsp;&nbsp;&nbsp;&nbsp;&nbsp;\u2014Yo le deb\u00ed haber dicho \u2014nos dir\u00eda Raquel\u2014 que qu\u00e9 cosas son las que no nos corresponden. Pero nada m\u00e1s le dije:<br \/>\n&nbsp;&nbsp;&nbsp;&nbsp;&nbsp;&nbsp;\u2014\u00bfQui\u00e9nes (<em>puf<\/em>) vendr\u00edan por ella?<br \/>\n&nbsp;&nbsp;&nbsp;&nbsp;&nbsp;&nbsp;\u2014\u00a1Ay, ni\u00f1a, los de la muebler\u00eda! \u00bfQui\u00e9n m\u00e1s?<br \/>\n&nbsp;&nbsp;&nbsp;&nbsp;&nbsp;&nbsp;\u2014\u00a1Oye, pero (<em>puf<\/em>) no seas as\u00ed (<em>puf<\/em>), dime! Y adem\u00e1s (<em>puf<\/em>) te vas a caer \u2014y en verdad el barco estaba cada vez m\u00e1s cerca del otro borde de la mesa.<br \/>\n&nbsp;&nbsp;&nbsp;&nbsp;&nbsp;&nbsp;\u2014\u00a1No seas tonta! \u2014grit\u00f3 el marinero\u2014 \u00a1Cuando llegue al borde pasar\u00e9 a la siguiente mesa! \u00bfNunca has o\u00eddo de los mares que vienen repartidos entre much\u00edsimas mesas?<br \/>\n&nbsp;&nbsp;&nbsp;&nbsp;&nbsp;&nbsp;\u2014\u00bfC\u00f3mo que repartido? \u2014pregunt\u00f3 Raquel.<br \/>\n&nbsp;&nbsp;&nbsp;&nbsp;&nbsp;&nbsp;\u2014\u00a1Un soplido m\u00e1s! \u2014grit\u00f3 el marinero, y Raquel obedeci\u00f3 (<em>puf<\/em>) sin pensar, y con ese \u00faltimo impulso el barco lleg\u00f3 al fin al borde de la mesa\u2014 \u00a1Gracias! \u00a1Adi\u00f3s!<br \/>\n&nbsp;&nbsp;&nbsp;&nbsp;&nbsp;&nbsp;\u2014\u00a1Oye, no, espera! \u00a1Dime\u2026!<br \/>\n&nbsp;&nbsp;&nbsp;&nbsp;&nbsp;&nbsp;\u2014\u00a1A ti no te puedo decir nada! \u2014grit\u00f3 el marinero\u2014 \u00a1Eres una ni\u00f1a, esto es cosa de adultos! \u2014y antes de terminar, desapareci\u00f3, sin ruido, como si en la mesa nunca hubiera habido m\u00e1s que olas, gaviotas y viento.<br \/>\n&nbsp;&nbsp;&nbsp;&nbsp;&nbsp;&nbsp;Y a los pocos minutos lleg\u00f3 alguien de la muebler\u00eda, que habl\u00f3 con el pap\u00e1 de Raquel y lo convenci\u00f3 de cambiarle su mesa por un comedor nuevo, de lujo, pero en cuya mesa no hab\u00eda mar.<br \/>\n&nbsp;&nbsp;&nbsp;&nbsp;&nbsp;&nbsp;\u2014Y como siempre \u2014nos dir\u00eda Raquel ahora\u2014, si les hubiera contado no me hubieran cre\u00eddo. Pero a ver, \u00bfes justo? \u00bfLe costaba algo al marinero explicarme? \u00bfY adem\u00e1s c\u00f3mo que no porque soy una ni\u00f1a?<br \/>\n&nbsp;&nbsp;&nbsp;&nbsp;&nbsp;&nbsp;En cuanto la nueva mesa estuvo puesta, su pap\u00e1 le dijo:<br \/>\n&nbsp;&nbsp;&nbsp;&nbsp;&nbsp;&nbsp;\u2014Haz tu tarea, Quica \u2014y ella fue con su cuaderno y se puso a trabajar.<br \/>\n&nbsp;&nbsp;&nbsp;&nbsp;&nbsp;&nbsp;Ahora, ella se quejar\u00eda:<br \/>\n&nbsp;&nbsp;&nbsp;&nbsp;&nbsp;&nbsp;\u2014Y lo de la \u201ccosa de adultos\u201d\u2026 \u00bfNo que los adultos no ven qu\u00e9 mesas tienen mar?<br \/>\n&nbsp;&nbsp;&nbsp;&nbsp;&nbsp;&nbsp;Pero en aquel momento, mientras le\u00eda los problemas de matem\u00e1ticas, Raquel s\u00f3lo pod\u00eda pensar en velas blancas, en gaviotas peque\u00f1is\u00edsimas, en el agua y las olas. Tal vez el marinero navegaba ahora dentro de una casa en Rusia, o en China\u2026 Tal vez tampoco le quer\u00eda contar nada al ni\u00f1o chino o a la ni\u00f1a rusa que soplaban para impulsarlo\u2026<br \/>\n&nbsp;&nbsp;&nbsp;&nbsp;&nbsp;&nbsp;\u2014No \u2014dijo en voz alta, entonces, y hasta se puso de pie; no sonre\u00eda y no estaba feliz\u2014: no s\u00e9 c\u00f3mo le voy a hacer, pero un d\u00eda de \u00e9stos lo voy a encontrar y entonces\u2026<br \/>\n&nbsp;&nbsp;&nbsp;&nbsp;&nbsp;&nbsp;\u2014\u00bfQu\u00e9 dices, Quica?<br \/>\n&nbsp;&nbsp;&nbsp;&nbsp;&nbsp;&nbsp;\u2014Nada, pap\u00e1 \u2014contest\u00f3 ella, como si en verdad no hubiese dicho nada.<\/p>\n<p><strong>copyright \u00a9 Alberto Chimal, M\u00e9xico, 2009<\/strong><\/p>\n","protected":false},"excerpt":{"rendered":"<p>Este cuento apareci\u00f3 publicado en 2009 en el libro\u00a0La ciudad imaginada y otras historias, publicado por Libros Magenta y la Secretar\u00eda de Cultura de la Ciudad de M\u00e9xico. El d\u00eda que su pap\u00e1 llev\u00f3 la mesa, Raquel se qued\u00f3 muy sorprendida: &nbsp;&nbsp;&nbsp;&nbsp;&nbsp;&nbsp;\u2014\u00bfDe d\u00f3nde la sacaste? \u2014pregunt\u00f3. &nbsp;&nbsp;&nbsp;&nbsp;&nbsp;&nbsp;\u2014\u00bfQu\u00e9 cosa? &nbsp;&nbsp;&nbsp;&nbsp;&nbsp;&nbsp;\u2014La mesa, pap\u00e1, de d\u00f3nde la sacaste&#8230;.<\/p>\n","protected":false},"author":1,"featured_media":9536,"parent":6609,"menu_order":0,"comment_status":"open","ping_status":"open","template":"","meta":{"advanced_seo_description":"","jetpack_seo_html_title":"","jetpack_seo_noindex":false,"jetpack_post_was_ever_published":false,"footnotes":""},"class_list":["post-9530","page","type-page","status-publish","has-post-thumbnail","hentry"],"jetpack_shortlink":"https:\/\/wp.me\/PjEhq-2tI","jetpack_sharing_enabled":true,"_links":{"self":[{"href":"https:\/\/www.lashistorias.com.mx\/index.php\/wp-json\/wp\/v2\/pages\/9530","targetHints":{"allow":["GET"]}}],"collection":[{"href":"https:\/\/www.lashistorias.com.mx\/index.php\/wp-json\/wp\/v2\/pages"}],"about":[{"href":"https:\/\/www.lashistorias.com.mx\/index.php\/wp-json\/wp\/v2\/types\/page"}],"author":[{"embeddable":true,"href":"https:\/\/www.lashistorias.com.mx\/index.php\/wp-json\/wp\/v2\/users\/1"}],"replies":[{"embeddable":true,"href":"https:\/\/www.lashistorias.com.mx\/index.php\/wp-json\/wp\/v2\/comments?post=9530"}],"version-history":[{"count":8,"href":"https:\/\/www.lashistorias.com.mx\/index.php\/wp-json\/wp\/v2\/pages\/9530\/revisions"}],"predecessor-version":[{"id":12503,"href":"https:\/\/www.lashistorias.com.mx\/index.php\/wp-json\/wp\/v2\/pages\/9530\/revisions\/12503"}],"up":[{"embeddable":true,"href":"https:\/\/www.lashistorias.com.mx\/index.php\/wp-json\/wp\/v2\/pages\/6609"}],"wp:featuredmedia":[{"embeddable":true,"href":"https:\/\/www.lashistorias.com.mx\/index.php\/wp-json\/wp\/v2\/media\/9536"}],"wp:attachment":[{"href":"https:\/\/www.lashistorias.com.mx\/index.php\/wp-json\/wp\/v2\/media?parent=9530"}],"curies":[{"name":"wp","href":"https:\/\/api.w.org\/{rel}","templated":true}]}}