{"id":8713,"date":"2012-01-16T18:23:12","date_gmt":"2012-01-17T00:23:12","guid":{"rendered":"http:\/\/www.lashistorias.com.mx\/?page_id=8713"},"modified":"2016-10-26T10:18:39","modified_gmt":"2016-10-26T15:18:39","slug":"el-viajero-del-tiempo","status":"publish","type":"page","link":"https:\/\/www.lashistorias.com.mx\/index.php\/textos\/el-viajero-del-tiempo\/","title":{"rendered":"El Viajero del Tiempo (minificciones)"},"content":{"rendered":"<p><em>Este libro es la segunda colecci\u00f3n de minificciones de Alberto Chimal escritas inicialmente en la red social Twitter. Tras el experimento de <\/em><a href=\"https:\/\/www.lashistorias.com.mx\/index.php\/archivo\/83-novelas\/\">83 novelas<\/a><em>, sin embargo, estos textos son m\u00e1s ambiciosos al jugar con un personaje cl\u00e1sico de la ciencia ficci\u00f3n: el protagonista de la novela La m\u00e1quina del tiempo de H. G. Wells. El personaje, desaparecido al final del libro de Wells, regresa en peque\u00f1\u00edsimas aventuras y estampas que lo llevan por todo el tiempo y el espacio. El libro inaugur\u00f3 la colecci\u00f3n Hormiga Iracunda de Ediciones Posdata: la primera en M\u00e9xico dedicada exclusivamente al cuento brev\u00edsimo.<br \/>\nA continuaci\u00f3n, una muestra.<\/em><\/p>\n<p style=\"text-align: center;\"><a ref=\"magnificPopup\" href=\"https:\/\/www.lashistorias.com.mx\/wp-content\/uploads\/2011\/11\/EVdT.jpg\"><img loading=\"lazy\" decoding=\"async\" data-attachment-id=\"8569\" data-permalink=\"https:\/\/www.lashistorias.com.mx\/index.php\/nuevos-libros-en-la-fil-y-las-ultimas-presentaciones-de-2011\/evdt\/\" data-orig-file=\"https:\/\/www.lashistorias.com.mx\/wp-content\/uploads\/2011\/11\/EVdT.jpg\" data-orig-size=\"400,522\" data-comments-opened=\"1\" data-image-meta=\"{&quot;aperture&quot;:&quot;0&quot;,&quot;credit&quot;:&quot;&quot;,&quot;camera&quot;:&quot;&quot;,&quot;caption&quot;:&quot;&quot;,&quot;created_timestamp&quot;:&quot;0&quot;,&quot;copyright&quot;:&quot;&quot;,&quot;focal_length&quot;:&quot;0&quot;,&quot;iso&quot;:&quot;0&quot;,&quot;shutter_speed&quot;:&quot;0&quot;,&quot;title&quot;:&quot;&quot;}\" data-image-title=\"El Viajero del Tiempo\" data-image-description=\"\" data-image-caption=\"\" data-large-file=\"https:\/\/www.lashistorias.com.mx\/wp-content\/uploads\/2011\/11\/EVdT.jpg\" class=\"size-medium wp-image-8569 aligncenter\" title=\"El Viajero del Tiempo\" src=\"https:\/\/www.lashistorias.com.mx\/wp-content\/uploads\/2011\/11\/EVdT-229x300.jpg\" alt=\"\" width=\"229\" height=\"300\" srcset=\"https:\/\/www.lashistorias.com.mx\/wp-content\/uploads\/2011\/11\/EVdT-229x300.jpg 229w, https:\/\/www.lashistorias.com.mx\/wp-content\/uploads\/2011\/11\/EVdT.jpg 400w\" sizes=\"auto, (max-width: 229px) 100vw, 229px\" \/><\/a><\/p>\n<p>El Viajero del Tiempo extiende la mano y atrapa la primera gota de la lluvia. Todas las dem\u00e1s impiden que el mundo se entere de la haza\u00f1a.<\/p>\n<p style=\"text-align: center;\">* * *<\/p>\n<p>El Viajero del Tiempo so\u00f1aba un \u00abflashforward\u00bb: en \u00e9l se despertaba, viajaba hacia atr\u00e1s en el tiempo, se dorm\u00eda y so\u00f1aba un \u00abflashforward\u00bb.<\/p>\n<p style=\"text-align: center;\"> * * *<\/p>\n<p>Un pasaporte del Viajero del Tiempo lo acredita como oriundo de un pa\u00eds que todav\u00eda no existe y nadie, nadie recordar\u00e1 cuando desaparezca.<\/p>\n<p style=\"text-align: center;\"> * * *<\/p>\n<p>El Viajero del Tiempo usa una m\u00e1quina propulsada por horas perdidas, ignoradas, malgastadas. Se alegra: tendr\u00e1 energ\u00eda para siempre.<\/p>\n<p style=\"text-align: center;\">* * *<\/p>\n<p>El Viajero del Tiempo te saluda, se va 10 a\u00f1os, decide verte otra vez, regresa segundos antes de la primera. D\u00e9j\u00e0 vu, pensar\u00e1s. O piensas.<\/p>\n<p style=\"text-align: center;\"> * * *<\/p>\n<p>El Viajero del Tiempo, quien puede pasarse un a\u00f1o entero en un solo segundo, tiene el secreto para no envejecer.<\/p>\n<p>No, no lo dice.<\/p>\n<p>Ni lo vende.<\/p>\n<p style=\"text-align: center;\"> * * *<\/p>\n<p>El Viajero del Tiempo fue a 1888 y vio la cara de Jack el Destripador. Grit\u00f3: era la de todos a la vez, como dicen que era el rostro de Ad\u00e1n.<\/p>\n<p style=\"text-align: center;\">* * *<\/p>\n<p>El Viajero del Tiempo ha visto varias pel\u00edculas (de eras diversas) que tratan de tu vida. Y ahora ans\u00eda conocerte para saber toda la verdad.<\/p>\n<p style=\"text-align: center;\"> * * *<\/p>\n<p> Fastidiado luego de seis horas de ruido en el cuarto contiguo, el Viajero del Tiempo retrocedi\u00f3 seis horas, pas\u00f3 al otro cuarto, lo hall\u00f3 vac\u00edo y entendi\u00f3.<\/p>\n<p style=\"text-align: center;\"> * * *<\/p>\n<p>\u2014\u00bfCu\u00e1l es el sentido si no se matan? \u2014dijo el gladiador al Viajero del Tiempo mientras ve\u00edan el partido de futbol.<\/p>\n<p style=\"text-align: center;\"> * * *<\/p>\n<p>El Viajero del Tiempo manda decir que s\u00ed, recuerda el futuro, pero no es ps\u00edquico: no sabe a qui\u00e9n est\u00e1s por conocer ni c\u00f3mo te har\u00e1 feliz.<\/p>\n<p style=\"text-align: center;\">* * *<\/p>\n<p>El Viajero del Tiempo se queda muy callado en la esquina m\u00e1s oscura del comedor de los Bioy. \u00bfSacar\u00e1 su c\u00e1mara? Hoy come en casa Borges.<\/p>\n<p style=\"text-align: center;\"> * * *<\/p>\n<p>El Viajero del Tiempo escribe este texto para que lo lean en el siglo 490156673\/498+, en el que cada una de sus palabras significa otra cosa.<\/p>\n<p style=\"text-align: center;\"> * * *<\/p>\n<p><strong>(a)<\/strong><\/p>\n<p>El Viajero del Tiempo me lleva con un amigo que muri\u00f3 en 2003. \u00c9ste, al verme, se preocupa: \u2014Parece que hubieras envejecido de golpe \u2014dice.<\/p>\n<p><strong>(b)<\/strong><\/p>\n<p>El Viajero del Tiempo viene con un amigo al que vi ayer y ahora parece 10 a\u00f1os mayor. Entiendo de inmediato. \u2014\u00bfPor qu\u00e9 vienes hoy? \u2014pregunto, de todos modos.<\/p>\n<p style=\"text-align: center;\">* * *<\/p>\n<p>El Viajero del Tiempo retrocede despacio, muy despacio, para ver a Michael Jackson caminar hacia adelante.<\/p>\n<p style=\"text-align: center;\"> * * *<\/p>\n<p>El Viajero del Tiempo detuvo su m\u00e1quina. Por un largo instante que nadie m\u00e1s percibi\u00f3 no hubo una sola muerte en toda la Tierra.<\/p>\n<p style=\"text-align: center;\"> * * *<\/p>\n<p>El Viajero del Tiempo sirve el caf\u00e9, retrocede a toda velocidad y pone la taza a tiempo para recibir el l\u00edquido.<\/p>\n<p>\u2014\u00a1Ocioso! \u2014lo rega\u00f1a su mam\u00e1.<\/p>\n<p style=\"text-align: right;\"><em>copyright \u00a9 Alberto Chimal, M\u00e9xico, 2011<\/em><\/p>\n","protected":false},"excerpt":{"rendered":"<p>Este libro es la segunda colecci\u00f3n de minificciones de Alberto Chimal escritas inicialmente en la red social Twitter. Tras el experimento de 83 novelas, sin embargo, estos textos son m\u00e1s ambiciosos al jugar con un personaje cl\u00e1sico de la ciencia ficci\u00f3n: el protagonista de la novela La m\u00e1quina del tiempo de H. G. Wells. El&#8230;<\/p>\n","protected":false},"author":1,"featured_media":8569,"parent":6609,"menu_order":0,"comment_status":"open","ping_status":"open","template":"","meta":{"advanced_seo_description":"","jetpack_seo_html_title":"","jetpack_seo_noindex":false,"jetpack_post_was_ever_published":false,"footnotes":""},"class_list":["post-8713","page","type-page","status-publish","has-post-thumbnail","hentry"],"jetpack_shortlink":"https:\/\/wp.me\/PjEhq-2gx","jetpack_sharing_enabled":true,"_links":{"self":[{"href":"https:\/\/www.lashistorias.com.mx\/index.php\/wp-json\/wp\/v2\/pages\/8713","targetHints":{"allow":["GET"]}}],"collection":[{"href":"https:\/\/www.lashistorias.com.mx\/index.php\/wp-json\/wp\/v2\/pages"}],"about":[{"href":"https:\/\/www.lashistorias.com.mx\/index.php\/wp-json\/wp\/v2\/types\/page"}],"author":[{"embeddable":true,"href":"https:\/\/www.lashistorias.com.mx\/index.php\/wp-json\/wp\/v2\/users\/1"}],"replies":[{"embeddable":true,"href":"https:\/\/www.lashistorias.com.mx\/index.php\/wp-json\/wp\/v2\/comments?post=8713"}],"version-history":[{"count":4,"href":"https:\/\/www.lashistorias.com.mx\/index.php\/wp-json\/wp\/v2\/pages\/8713\/revisions"}],"predecessor-version":[{"id":8822,"href":"https:\/\/www.lashistorias.com.mx\/index.php\/wp-json\/wp\/v2\/pages\/8713\/revisions\/8822"}],"up":[{"embeddable":true,"href":"https:\/\/www.lashistorias.com.mx\/index.php\/wp-json\/wp\/v2\/pages\/6609"}],"wp:featuredmedia":[{"embeddable":true,"href":"https:\/\/www.lashistorias.com.mx\/index.php\/wp-json\/wp\/v2\/media\/8569"}],"wp:attachment":[{"href":"https:\/\/www.lashistorias.com.mx\/index.php\/wp-json\/wp\/v2\/media?parent=8713"}],"curies":[{"name":"wp","href":"https:\/\/api.w.org\/{rel}","templated":true}]}}