{"id":7590,"date":"2010-12-04T16:45:57","date_gmt":"2010-12-04T22:45:57","guid":{"rendered":"http:\/\/www.lashistorias.com.mx\/index.php\/"},"modified":"2016-10-26T10:18:40","modified_gmt":"2016-10-26T15:18:40","slug":"album-cuento","status":"publish","type":"page","link":"https:\/\/www.lashistorias.com.mx\/index.php\/textos\/album-cuento\/","title":{"rendered":"\u00c1lbum"},"content":{"rendered":"<p><em>Un cuento tomado del libro <\/em>\u00c9stos son los d\u00edas<em> (2004).<\/em><\/p>\n<div align=\"center\"><img loading=\"lazy\" decoding=\"async\" class=\"alignnone\" title=\"\u00c9stos son los d\u00edas\" src=\"http:\/\/farm1.static.flickr.com\/41\/87902580_45b3eb87ea.jpg\" alt=\"\" width=\"236\" height=\"368\" \/><\/div>\n<p>&nbsp;<br \/>La cara de su madre. La mu\u00f1eca que arroj\u00f3 por la ventana. El libro que quem\u00f3. La pecera que vaci\u00f3 en la sala. La mu\u00f1eca a la que arranc\u00f3 las piernas. Su primer psiquiatra. El taz\u00f3n con el que golpe\u00f3 a su madre. Su ni\u00f1era poco antes de marcharse. Su abuela materna poco antes de marcharse. Su padre poco antes de marcharse. La cara de su madre. El gato al que meti\u00f3 en el horno. Su segundo psiquiatra. Su primer kinder. El ni\u00f1o al que pate\u00f3. Su tercer psiquiatra. La trenza cortada de su compa\u00f1era. El rinc\u00f3n en el que estuvo castigada. La cara cortada de su compa\u00f1era. Su cuarto psiquiatra. Su segundo kinder. El perro al que destrip\u00f3. La silla a la que fue atada. El brazo en cabestrillo de su madre. El brazo en cabestrillo de su maestra. El brazo en cabestrillo de su quinto psiquiatra. Su tercer kinder. El ni\u00f1o que la golpe\u00f3. Un trozo de la oreja del ni\u00f1o que la golpe\u00f3. Su cuarto kinder. La denuncia en su contra. El bolso de su madre. El director de la primaria que no quiso admitirla. La cara de su madre. El director de la segunda primaria que no quiso admitirla. La tarjeta de d\u00e9bito de su madre. El director de la primaria que acept\u00f3 admitirla. La ni\u00f1a a la que trat\u00f3 de ahogar en un excusado. La ni\u00f1a a la que empuj\u00f3 por las escaleras. La carta en su contra de los padres de sus compa\u00f1eros. La cara de su madre. Un hombro desnudo de su madre. El director de la segunda primaria que acept\u00f3 admitirla. El su\u00e9ter de su compa\u00f1ero desaparecido. El cuerpo de su compa\u00f1ero desaparecido. La cara de su madre. La patrulla que fue a buscarla. La cara de su madre. El autob\u00fas que abord\u00f3 con su madre. El primer motel donde durmi\u00f3 con su madre. El incendio del primer motel donde durmi\u00f3 con su madre. El bolet\u00edn con la foto de su madre. La cara de su madre. El segundo motel donde durmi\u00f3 con su madre. El beb\u00e9 que resisti\u00f3 tres d\u00edas en el cuarto donde durmi\u00f3 con su madre. La cara de su madre. El tercer motel donde durmi\u00f3. El tel\u00e9fono que su madre trat\u00f3 de usar. La cara de su madre. Un ojo de su madre. La lengua de su madre. El otro ojo de su madre. El coche del hombre que la recogi\u00f3 en la carretera. La primera comentarista que habl\u00f3 de ella en la televisi\u00f3n. El coche del segundo hombre que la recogi\u00f3 en la carretera.<\/p>\n<p><strong>copyright \u00a9 Alberto Chimal, M\u00e9xico, 2004<\/strong><\/p>\n","protected":false},"excerpt":{"rendered":"<p>Un cuento tomado del libro \u00c9stos son los d\u00edas (2004). &nbsp;La cara de su madre. La mu\u00f1eca que arroj\u00f3 por la ventana. El libro que quem\u00f3. La pecera que vaci\u00f3 en la sala. La mu\u00f1eca a la que arranc\u00f3 las piernas. Su primer psiquiatra. El taz\u00f3n con el que golpe\u00f3 a su madre. Su ni\u00f1era&#8230;<\/p>\n","protected":false},"author":1,"featured_media":0,"parent":6609,"menu_order":0,"comment_status":"open","ping_status":"open","template":"","meta":{"advanced_seo_description":"","jetpack_seo_html_title":"","jetpack_seo_noindex":false,"jetpack_post_was_ever_published":false,"footnotes":""},"class_list":["post-7590","page","type-page","status-publish","hentry"],"jetpack_shortlink":"https:\/\/wp.me\/PjEhq-1Yq","jetpack_sharing_enabled":true,"_links":{"self":[{"href":"https:\/\/www.lashistorias.com.mx\/index.php\/wp-json\/wp\/v2\/pages\/7590","targetHints":{"allow":["GET"]}}],"collection":[{"href":"https:\/\/www.lashistorias.com.mx\/index.php\/wp-json\/wp\/v2\/pages"}],"about":[{"href":"https:\/\/www.lashistorias.com.mx\/index.php\/wp-json\/wp\/v2\/types\/page"}],"author":[{"embeddable":true,"href":"https:\/\/www.lashistorias.com.mx\/index.php\/wp-json\/wp\/v2\/users\/1"}],"replies":[{"embeddable":true,"href":"https:\/\/www.lashistorias.com.mx\/index.php\/wp-json\/wp\/v2\/comments?post=7590"}],"version-history":[{"count":5,"href":"https:\/\/www.lashistorias.com.mx\/index.php\/wp-json\/wp\/v2\/pages\/7590\/revisions"}],"predecessor-version":[{"id":11711,"href":"https:\/\/www.lashistorias.com.mx\/index.php\/wp-json\/wp\/v2\/pages\/7590\/revisions\/11711"}],"up":[{"embeddable":true,"href":"https:\/\/www.lashistorias.com.mx\/index.php\/wp-json\/wp\/v2\/pages\/6609"}],"wp:attachment":[{"href":"https:\/\/www.lashistorias.com.mx\/index.php\/wp-json\/wp\/v2\/media?parent=7590"}],"curies":[{"name":"wp","href":"https:\/\/api.w.org\/{rel}","templated":true}]}}