{"id":2145,"date":"2009-01-19T09:57:10","date_gmt":"2009-01-19T15:57:10","guid":{"rendered":"http:\/\/www.lashistorias.com.mx\/?page_id=2145"},"modified":"2009-02-09T21:25:31","modified_gmt":"2009-02-10T03:25:31","slug":"el-velo-del-alma","status":"publish","type":"page","link":"https:\/\/www.lashistorias.com.mx\/index.php\/poe-2009\/el-velo-del-alma\/","title":{"rendered":"El velo del alma (E. A. P)"},"content":{"rendered":"<p><em>Mucho menos conocido que sus cuentos, el trabajo ensay\u00edstico de Edgar Allan Poe es, adem\u00e1s de interesante y revelador por s\u00ed mismo, muy \u00fatil para conocer el sentido y las propuestas de la obra entera del escritor. Este texto pertenece a los <\/em>Marginalia<em> de Poe: breves sueltos y art\u00edculos que escribi\u00f3 para publicarlos en espacios peque\u00f1os de diversas publicaciones. Algunos de ellos fueron expandidos posteriormente y otros no. \u00c9ste apareci\u00f3 en la revista <\/em>Southern Literary Messenger<em> en junio de 1849 y condensa muy bien las ideas de Poe sobre el tema. Los nombres de los pintores que Poe trata con desd\u00e9n (y acaso con justicia) est\u00e1n enlazados con p\u00e1ginas acerca de sus obras.<\/em><\/p>\n<blockquote><p><strong>El velo del alma<br \/>\nEdgar Allan Poe<\/strong><br \/>\nDe ped\u00edrseme definir, muy brevemente, el t\u00e9rmino \u00abArte\u00bb, dir\u00eda que es \u00abla reproducci\u00f3n de lo que los Sentidos perciben en la Naturaleza a trav\u00e9s del velo del alma\u00bb. La mera imitaci\u00f3n, por exacta que sea, de lo que es en la Naturaleza, no da a nadie el nombre sagrado de \u00abArtista\u00bb. <a href=\"http:\/\/www.artcyclopedia.com\/artists\/denner_balthasar.html\">Denner<\/a> no era un artista. Las uvas de <a href=\"http:\/\/es.wikipedia.org\/wiki\/Zeuxis\">Zeuxis<\/a> no eran art\u00edsticas &#8211;salvo desde el punto de vista de un p\u00e1jaro; y ni siquiera la cortina de <a href=\"http:\/\/es.wikipedia.org\/wiki\/Parrasio\">Parrasio<\/a> podr\u00eda esconder su falta de genio. He dicho \u00abel <em>velo <\/em>del alma\u00bb. Algo as\u00ed parece indispensable en el Arte. Podemos, en cualquier momento, duplicar la verdadera belleza de un paisaje real entrecerrando los ojos al mirarlo. Los meros Sentidos ven a veces muy poco&#8230; pero <em>siempre<\/em> ven demasiado.<\/p>\n<p><em>(versi\u00f3n de Alberto Chimal)<\/em><\/p><\/blockquote>\n","protected":false},"excerpt":{"rendered":"<p>Mucho menos conocido que sus cuentos, el trabajo ensay\u00edstico de Edgar Allan Poe es, adem\u00e1s de interesante y revelador por s\u00ed mismo, muy \u00fatil para conocer el sentido y las propuestas de la obra entera del escritor. Este texto pertenece a los Marginalia de Poe: breves sueltos y art\u00edculos que escribi\u00f3 para publicarlos en espacios&#8230;<\/p>\n","protected":false},"author":1,"featured_media":0,"parent":1977,"menu_order":0,"comment_status":"open","ping_status":"open","template":"","meta":{"advanced_seo_description":"","jetpack_seo_html_title":"","jetpack_seo_noindex":false,"jetpack_post_was_ever_published":false,"footnotes":""},"class_list":["post-2145","page","type-page","status-publish","hentry"],"jetpack_shortlink":"https:\/\/wp.me\/PjEhq-yB","jetpack_sharing_enabled":true,"_links":{"self":[{"href":"https:\/\/www.lashistorias.com.mx\/index.php\/wp-json\/wp\/v2\/pages\/2145","targetHints":{"allow":["GET"]}}],"collection":[{"href":"https:\/\/www.lashistorias.com.mx\/index.php\/wp-json\/wp\/v2\/pages"}],"about":[{"href":"https:\/\/www.lashistorias.com.mx\/index.php\/wp-json\/wp\/v2\/types\/page"}],"author":[{"embeddable":true,"href":"https:\/\/www.lashistorias.com.mx\/index.php\/wp-json\/wp\/v2\/users\/1"}],"replies":[{"embeddable":true,"href":"https:\/\/www.lashistorias.com.mx\/index.php\/wp-json\/wp\/v2\/comments?post=2145"}],"version-history":[{"count":6,"href":"https:\/\/www.lashistorias.com.mx\/index.php\/wp-json\/wp\/v2\/pages\/2145\/revisions"}],"predecessor-version":[{"id":2316,"href":"https:\/\/www.lashistorias.com.mx\/index.php\/wp-json\/wp\/v2\/pages\/2145\/revisions\/2316"}],"up":[{"embeddable":true,"href":"https:\/\/www.lashistorias.com.mx\/index.php\/wp-json\/wp\/v2\/pages\/1977"}],"wp:attachment":[{"href":"https:\/\/www.lashistorias.com.mx\/index.php\/wp-json\/wp\/v2\/media?parent=2145"}],"curies":[{"name":"wp","href":"https:\/\/api.w.org\/{rel}","templated":true}]}}

<p><em>Mucho menos conocido que sus cuentos, el trabajo ensayístico de Edgar Allan Poe es, además de interesante y revelador por sí mismo, muy útil para conocer el sentido y las propuestas de la obra entera del escritor. Este texto pertenece a los </em>Marginalia<em> de Poe: breves sueltos y artículos que escribió para publicarlos en espacios pequeños de diversas publicaciones. Algunos de ellos fueron expandidos posteriormente y otros no. Éste apareció en la revista </em>Southern Literary Messenger<em> en junio de 1849 y condensa muy bien las ideas de Poe sobre el tema. Los nombres de los pintores que Poe trata con desdén (y acaso con justicia) están enlazados con páginas acerca de sus obras.</em></p>
<blockquote><p><strong>El velo del alma<br />
Edgar Allan Poe</strong><br />
De pedírseme definir, muy brevemente, el término «Arte», diría que es «la reproducción de lo que los Sentidos perciben en la Naturaleza a través del velo del alma». La mera imitación, por exacta que sea, de lo que es en la Naturaleza, no da a nadie el nombre sagrado de «Artista». <a href="http://www.artcyclopedia.com/artists/denner_balthasar.html">Denner</a> no era un artista. Las uvas de <a href="http://es.wikipedia.org/wiki/Zeuxis">Zeuxis</a> no eran artísticas &#8211;salvo desde el punto de vista de un pájaro; y ni siquiera la cortina de <a href="http://es.wikipedia.org/wiki/Parrasio">Parrasio</a> podría esconder su falta de genio. He dicho «el <em>velo </em>del alma». Algo así parece indispensable en el Arte. Podemos, en cualquier momento, duplicar la verdadera belleza de un paisaje real entrecerrando los ojos al mirarlo. Los meros Sentidos ven a veces muy poco&#8230; pero <em>siempre</em> ven demasiado.</p>
<p><em>(versión de Alberto Chimal)</em></p></blockquote>

<p>Mucho menos conocido que sus cuentos, el trabajo ensayístico de Edgar Allan Poe es, además de interesante y revelador por sí mismo, muy útil para conocer el sentido y las propuestas de la obra entera del escritor. Este texto pertenece a los Marginalia de Poe: breves sueltos y artículos que escribió para publicarlos en espacios&#8230;</p>
