{"id":2113,"date":"2009-01-19T09:57:04","date_gmt":"2009-01-19T15:57:04","guid":{"rendered":"http:\/\/www.lashistorias.com.mx\/?page_id=2113"},"modified":"2016-10-26T10:18:45","modified_gmt":"2016-10-26T15:18:45","slug":"de-la-imaginacion","status":"publish","type":"page","link":"https:\/\/www.lashistorias.com.mx\/index.php\/poe-2009\/de-la-imaginacion\/","title":{"rendered":"De la Imaginaci\u00f3n (E. A. P.)"},"content":{"rendered":"<p><em>Mucho menos conocido que sus cuentos, el trabajo ensay\u00edstico de Edgar Allan Poe es, adem\u00e1s de interesante y revelador por s\u00ed mismo, muy \u00fatil para conocer el sentido y las propuestas de la obra entera del escritor. Este texto pertenece a los <\/em>Marginalia<em> de Poe: breves sueltos y art\u00edculos que escribi\u00f3 para publicarlos en espacios peque\u00f1os de diversas publicaciones. Algunos de ellos fueron expandidos posteriormente y otros no. \u00c9ste apareci\u00f3 en la revista <\/em>Southern Literary Messenger<em> en 1849. En \u00e9l, Poe defiende su visi\u00f3n de la imaginaci\u00f3n y la creatividad de un modo que emparenta sus ideas con las de los movimientos rom\u00e1nticos alemanes, que est\u00e1n entre sus grandes precursores.<\/em><\/p>\n<blockquote><p><strong>De la Imaginaci\u00f3n<br \/>\nEdgar Allan Poe<\/strong><\/p>\n<p>La <em>Imaginaci\u00f3n pura<\/em> elige de la <em>Belleza<\/em>, <em>o bien<\/em> de la <em>Deformidad<\/em>, s\u00f3lo las cosas m\u00e1s combinables y previamente no combinadas: el compuesto obtiene, por regla general, un car\u00e1cter bello o sublime en proporci\u00f3n a la belleza o sublimidad respectivas de sus componentes\u2026, que en s\u00ed mismos deben considerarse at\u00f3micos, es decir, productos de combinaciones previamente realizadas. Pero, as\u00ed como (an\u00e1logamente) ocurre con frecuencia en la qu\u00edmica f\u00edsica, as\u00ed no es infrecuente que, en la qu\u00edmica del intelecto, de la mixtura de dos elementos resulte algo que no tiene nada de las cualidades de uno de ellos, o incluso nada de las cualidades de los dos\u2026 Por lo tanto, el alcance de la Imaginaci\u00f3n es ilimitado. Sus materiales se extienden a trav\u00e9s del universo. Incluso de las deformidades puede crear esa <em>Belleza<\/em> que es al mismo tiempo su solo objeto y su prueba inevitable. Pero, en general, la riqueza o fuerza de los materiales combinados; la facilidad de descubrir novedades combinables y dignas de combinar; y especialmente la \u201ccombinaci\u00f3n qu\u00edmica\u201d absoluta de la masa resultante, son los rasgos que debemos tomar en cuenta al evaluar la Imaginaci\u00f3n. Es esta armon\u00eda total de una obra imaginativa la que con frecuencia causa que sea menospreciada por los insensatos, debido a la impresi\u00f3n de <em>obviedad<\/em> que provoca. Pero nosotros estamos en la posici\u00f3n de preguntarnos: \u00bf<em>por qu\u00e9<\/em> es que estas combinaciones nunca hab\u00edan sido imaginadas antes?<\/p>\n<p><em>(versi\u00f3n de Alberto Chimal)<\/em><\/p><\/blockquote>\n","protected":false},"excerpt":{"rendered":"<p>Mucho menos conocido que sus cuentos, el trabajo ensay\u00edstico de Edgar Allan Poe es, adem\u00e1s de interesante y revelador por s\u00ed mismo, muy \u00fatil para conocer el sentido y las propuestas de la obra entera del escritor. Este texto pertenece a los Marginalia de Poe: breves sueltos y art\u00edculos que escribi\u00f3 para publicarlos en espacios&#8230;<\/p>\n","protected":false},"author":1,"featured_media":0,"parent":1977,"menu_order":0,"comment_status":"open","ping_status":"open","template":"","meta":{"advanced_seo_description":"","jetpack_seo_html_title":"","jetpack_seo_noindex":false,"jetpack_post_was_ever_published":false,"footnotes":""},"class_list":["post-2113","page","type-page","status-publish","hentry"],"jetpack_shortlink":"https:\/\/wp.me\/PjEhq-y5","jetpack_sharing_enabled":true,"_links":{"self":[{"href":"https:\/\/www.lashistorias.com.mx\/index.php\/wp-json\/wp\/v2\/pages\/2113","targetHints":{"allow":["GET"]}}],"collection":[{"href":"https:\/\/www.lashistorias.com.mx\/index.php\/wp-json\/wp\/v2\/pages"}],"about":[{"href":"https:\/\/www.lashistorias.com.mx\/index.php\/wp-json\/wp\/v2\/types\/page"}],"author":[{"embeddable":true,"href":"https:\/\/www.lashistorias.com.mx\/index.php\/wp-json\/wp\/v2\/users\/1"}],"replies":[{"embeddable":true,"href":"https:\/\/www.lashistorias.com.mx\/index.php\/wp-json\/wp\/v2\/comments?post=2113"}],"version-history":[{"count":7,"href":"https:\/\/www.lashistorias.com.mx\/index.php\/wp-json\/wp\/v2\/pages\/2113\/revisions"}],"predecessor-version":[{"id":12511,"href":"https:\/\/www.lashistorias.com.mx\/index.php\/wp-json\/wp\/v2\/pages\/2113\/revisions\/12511"}],"up":[{"embeddable":true,"href":"https:\/\/www.lashistorias.com.mx\/index.php\/wp-json\/wp\/v2\/pages\/1977"}],"wp:attachment":[{"href":"https:\/\/www.lashistorias.com.mx\/index.php\/wp-json\/wp\/v2\/media?parent=2113"}],"curies":[{"name":"wp","href":"https:\/\/api.w.org\/{rel}","templated":true}]}}

De la Imaginación (E. A. P.)

<p><em>Mucho menos conocido que sus cuentos, el trabajo ensayístico de Edgar Allan Poe es, además de interesante y revelador por sí mismo, muy útil para conocer el sentido y las propuestas de la obra entera del escritor. Este texto pertenece a los </em>Marginalia<em> de Poe: breves sueltos y artículos que escribió para publicarlos en espacios pequeños de diversas publicaciones. Algunos de ellos fueron expandidos posteriormente y otros no. Éste apareció en la revista </em>Southern Literary Messenger<em> en 1849. En él, Poe defiende su visión de la imaginación y la creatividad de un modo que emparenta sus ideas con las de los movimientos románticos alemanes, que están entre sus grandes precursores.</em></p>
<blockquote><p><strong>De la Imaginación<br />
Edgar Allan Poe</strong></p>
<p>La <em>Imaginación pura</em> elige de la <em>Belleza</em>, <em>o bien</em> de la <em>Deformidad</em>, sólo las cosas más combinables y previamente no combinadas: el compuesto obtiene, por regla general, un carácter bello o sublime en proporción a la belleza o sublimidad respectivas de sus componentes…, que en sí mismos deben considerarse atómicos, es decir, productos de combinaciones previamente realizadas. Pero, así como (análogamente) ocurre con frecuencia en la química física, así no es infrecuente que, en la química del intelecto, de la mixtura de dos elementos resulte algo que no tiene nada de las cualidades de uno de ellos, o incluso nada de las cualidades de los dos… Por lo tanto, el alcance de la Imaginación es ilimitado. Sus materiales se extienden a través del universo. Incluso de las deformidades puede crear esa <em>Belleza</em> que es al mismo tiempo su solo objeto y su prueba inevitable. Pero, en general, la riqueza o fuerza de los materiales combinados; la facilidad de descubrir novedades combinables y dignas de combinar; y especialmente la “combinación química” absoluta de la masa resultante, son los rasgos que debemos tomar en cuenta al evaluar la Imaginación. Es esta armonía total de una obra imaginativa la que con frecuencia causa que sea menospreciada por los insensatos, debido a la impresión de <em>obviedad</em> que provoca. Pero nosotros estamos en la posición de preguntarnos: ¿<em>por qué</em> es que estas combinaciones nunca habían sido imaginadas antes?</p>
<p><em>(versión de Alberto Chimal)</em></p></blockquote>

<p>Mucho menos conocido que sus cuentos, el trabajo ensayístico de Edgar Allan Poe es, además de interesante y revelador por sí mismo, muy útil para conocer el sentido y las propuestas de la obra entera del escritor. Este texto pertenece a los Marginalia de Poe: breves sueltos y artículos que escribió para publicarlos en espacios&#8230;</p>
