{"id":14232,"date":"2017-12-09T21:02:00","date_gmt":"2017-12-10T03:02:00","guid":{"rendered":"http:\/\/www.lashistorias.com.mx\/?page_id=14232"},"modified":"2018-09-03T18:05:11","modified_gmt":"2018-09-03T23:05:11","slug":"los-libros-elementales","status":"publish","type":"page","link":"https:\/\/www.lashistorias.com.mx\/index.php\/textos\/los-libros-elementales\/","title":{"rendered":"Los libros elementales"},"content":{"rendered":"<h1>LOS LIBROS ELEMENTALES<\/h1>\n<p><em>Creada inicialmente en Twitter, esta serie de minitextos \u2013entre aforismos y peque\u00f1os poemas en prosa\u2013 apareci\u00f3 en la revista <\/em><a href=\"https:\/\/issuu.com\/revistahiedra\/docs\/hiedra_magazine_8_sample\">Hiedra<\/a><em>. Su tema es la lectura: las diferentes impresiones que produce, y que aqu\u00ed se describen a partir de las propiedades de los elementos qu\u00edmicos.<\/em><\/p>\n<p style=\"text-align: center;\">*<\/p>\n<h4>{Cr}<\/h4>\n<p>Libros de cromo que son todos superficie brillante.<\/p>\n<p>&nbsp;<\/p>\n<h4>{Fe}<\/h4>\n<p>Libros de hierro, dur\u00edsimos, que no se dejan leer y se quedan solos para oxidarse, poco a poco.<\/p>\n<p>&nbsp;<\/p>\n<h4>{H}<\/h4>\n<p>Libros de hidr\u00f3geno que estallan casi con s\u00f3lo comenzarlos.<\/p>\n<p>&nbsp;<\/p>\n<h4>{Zn}<\/h4>\n<p>Libros de zinc: humildes, \u00fatiles, de brillo moderado.<\/p>\n<p>&nbsp;<\/p>\n<h4>{Na}<\/h4>\n<p>Libros de sodio, que est\u00e1n por todas partes y pocos los notan y reaccionan con mucha violencia a las miradas h\u00famedas.<\/p>\n<p>&nbsp;<\/p>\n<h4>{Cs}<\/h4>\n<p>Libros de cesio: de pulso preciso, constantes, cuyos t\u00edtulos rara vez se recuerdan.<\/p>\n<p>&nbsp;<\/p>\n<h4>{P}<\/h4>\n<p>Libros de f\u00f3sforo: luminosos y que dejan trazas en lo m\u00e1s profundo de cuerpo.<\/p>\n<p>&nbsp;<\/p>\n<h4>{S}<\/h4>\n<p>Libros de azufre, que hacen a todos arrugar la nariz pero de los que no se puede prescindir.<\/p>\n<p>&nbsp;<\/p>\n<h4>{Sb}<\/h4>\n<p>Libros de antimonio: los que siempre est\u00e1n en compa\u00f1\u00eda de otros, siempre se postergan y se confunden, rara vez se abren.<\/p>\n<p>&nbsp;<\/p>\n<h4>{O}<\/h4>\n<p>Libros de ox\u00edgeno: indispensables pero nunca para leerse enteros, en estado puro, porque se van a la cabeza.<\/p>\n<p>&nbsp;<\/p>\n<h4>{U}<\/h4>\n<p>Libros de uranio, que se quedan para siempre en la carne y queman despacio.<\/p>\n<p>&nbsp;<\/p>\n<h4>{Pb}<\/h4>\n<p>Libros de plomo, pesad\u00edsimos, que dicen proteger pero matan.<\/p>\n<p>&nbsp;<\/p>\n<h4>{Sr}<\/h4>\n<p>Libros de estroncio, que se ven amarillentos pero iluminan todo de rojo vivo.<\/p>\n<p>&nbsp;<\/p>\n<h4>{Ca}<\/h4>\n<p>Libros de calcio, que se depositan y se asientan en rincones inaccesibles.<\/p>\n<p>&nbsp;<\/p>\n<h4>{K}<\/h4>\n<p>Libros de potasio: blandos, seg\u00fan dicen, pero cuidado cuando los toques.<\/p>\n<p>&nbsp;<\/p>\n<h4>{I}<\/h4>\n<p>Libros de yodo, escasos y esenciales: quien no los lee es un poco m\u00e1s est\u00fapido, aunque no se d\u00e9 cuenta.<\/p>\n<p>&nbsp;<\/p>\n<h4>{Tierras raras}<\/h4>\n<p>Libros de iterbio, de erbio, de itrio: los que se leen como quien llega a una ciudad que no se conoce.<\/p>\n<p>&nbsp;<\/p>\n<h4>{Ru}<\/h4>\n<p>Libros de rutenio, que nos endurecen y son dif\u00edciles de hallar y no se habla mucho de ellos.<\/p>\n<p>&nbsp;<\/p>\n<h4>{Ba}<\/h4>\n<p>Libros de bario, que siempre hallamos con alguien m\u00e1s, que los tiene casi por diamantes.<\/p>\n<p>&nbsp;<\/p>\n<h4>{Pr}<\/h4>\n<p>Libros de praseodimio, que se creen meramente \u00fatiles y pr\u00e1cticos pero en los que se oculta un doble: un misterio verde o met\u00e1lico.<\/p>\n<p>&nbsp;<\/p>\n<h4>{Rb}<\/h4>\n<p>Libros de rubidio: considerados casi siempre in\u00fatiles, pero que inspiran sue\u00f1os de fulgor rojo y viv\u00edsimo.<\/p>\n<p>&nbsp;<\/p>\n<h4>{As}<\/h4>\n<p>Libros de ars\u00e9nico, como uno que Napole\u00f3n ley\u00f3 durante a\u00f1os, dicen, con tal fervor que lo hizo parte de s\u00ed mismo.<\/p>\n<p>&nbsp;<\/p>\n<h4>{Pt}<\/h4>\n<p>Libros de platino: que pueden ser de mero adorno, y pueden ser nutricios, y pueden ser explosivos.<\/p>\n<p>&nbsp;<\/p>\n<h4>{Cd}<\/h4>\n<p>Libros de cadmio, que traen la locura, sin apelaci\u00f3n ni remedio.<\/p>\n<p>&nbsp;<\/p>\n<h4>{Ag}<\/h4>\n<p>Libros de plata, que fijan im\u00e1genes, que curan las verrugas, que provocan lluvias y abren la piel y amenazan con desaparecer.<\/p>\n<p>&nbsp;<\/p>\n<h4>{Si}<\/h4>\n<p>Libros de silicio: abundantes, sencillos, capaces de fijar a la vez la memoria de las palabras y de la luz.<\/p>\n<p>&nbsp;<\/p>\n<h4>{Ti}<\/h4>\n<p>Libros de titanio, que todos se disputan por razones mezquinas.<\/p>\n<p>&nbsp;<\/p>\n<h4>{Ge}<\/h4>\n<p>Libros de germanio, que son car\u00edsimos, que siempre se espera suplir con otros.<\/p>\n<p>&nbsp;<\/p>\n<h4>{Au}<\/h4>\n<p>Libros de oro: bell\u00edsimos, brillantes, pero que pasan a trav\u00e9s de nosotros y nos dejan sin perjuicio ni bien.<\/p>\n<p>&nbsp;<\/p>\n<h4>{Gases nobles}<\/h4>\n<p>Libros de arg\u00f3n, xen\u00f3n, rad\u00f3n: inertes.<\/p>\n<p>&nbsp;<\/p>\n<h4>{Hg}<\/h4>\n<p>Libros de mercurio, de hermosa apariencia pero que se escurren, se escapan, desaparecen.<\/p>\n<p>&nbsp;<\/p>\n<h4>{C}<\/h4>\n<p>Libros de carbono: los que se sienten como parte de la vida de su lector desde antes: desde siempre.<\/p>\n<p>&nbsp;<\/p>\n<p style=\"text-align: right;\"><em>Copyright \u00a9 Alberto Chimal, M\u00e9xico, 2017<\/em><\/p>\n","protected":false},"excerpt":{"rendered":"<p>LOS LIBROS ELEMENTALES Creada inicialmente en Twitter, esta serie de minitextos \u2013entre aforismos y peque\u00f1os poemas en prosa\u2013 apareci\u00f3 en la revista Hiedra. Su tema es la lectura: las diferentes impresiones que produce, y que aqu\u00ed se describen a partir de las propiedades de los elementos qu\u00edmicos. * {Cr} Libros de cromo que son todos&#8230;<\/p>\n","protected":false},"author":1,"featured_media":14234,"parent":6609,"menu_order":0,"comment_status":"closed","ping_status":"closed","template":"","meta":{"advanced_seo_description":"","jetpack_seo_html_title":"","jetpack_seo_noindex":false,"jetpack_post_was_ever_published":false,"footnotes":""},"class_list":["post-14232","page","type-page","status-publish","has-post-thumbnail","hentry"],"jetpack_shortlink":"https:\/\/wp.me\/PjEhq-3Hy","jetpack_sharing_enabled":true,"_links":{"self":[{"href":"https:\/\/www.lashistorias.com.mx\/index.php\/wp-json\/wp\/v2\/pages\/14232","targetHints":{"allow":["GET"]}}],"collection":[{"href":"https:\/\/www.lashistorias.com.mx\/index.php\/wp-json\/wp\/v2\/pages"}],"about":[{"href":"https:\/\/www.lashistorias.com.mx\/index.php\/wp-json\/wp\/v2\/types\/page"}],"author":[{"embeddable":true,"href":"https:\/\/www.lashistorias.com.mx\/index.php\/wp-json\/wp\/v2\/users\/1"}],"replies":[{"embeddable":true,"href":"https:\/\/www.lashistorias.com.mx\/index.php\/wp-json\/wp\/v2\/comments?post=14232"}],"version-history":[{"count":5,"href":"https:\/\/www.lashistorias.com.mx\/index.php\/wp-json\/wp\/v2\/pages\/14232\/revisions"}],"predecessor-version":[{"id":14623,"href":"https:\/\/www.lashistorias.com.mx\/index.php\/wp-json\/wp\/v2\/pages\/14232\/revisions\/14623"}],"up":[{"embeddable":true,"href":"https:\/\/www.lashistorias.com.mx\/index.php\/wp-json\/wp\/v2\/pages\/6609"}],"wp:featuredmedia":[{"embeddable":true,"href":"https:\/\/www.lashistorias.com.mx\/index.php\/wp-json\/wp\/v2\/media\/14234"}],"wp:attachment":[{"href":"https:\/\/www.lashistorias.com.mx\/index.php\/wp-json\/wp\/v2\/media?parent=14232"}],"curies":[{"name":"wp","href":"https:\/\/api.w.org\/{rel}","templated":true}]}}